{"id":507,"date":"2022-10-11T08:53:07","date_gmt":"2022-10-11T07:53:07","guid":{"rendered":"https:\/\/smstudent.pl\/?page_id=507"},"modified":"2022-10-11T08:53:07","modified_gmt":"2022-10-11T07:53:07","slug":"dokumenty","status":"publish","type":"page","link":"https:\/\/smstudent.pl\/index.php\/dokumenty\/","title":{"rendered":"Dokumenty"},"content":{"rendered":"<ul class=\"wp-block-latest-posts__list wp-block-latest-posts\"><li><a class=\"wp-block-latest-posts__post-title\" href=\"https:\/\/smstudent.pl\/index.php\/2025\/12\/18\/z-dniem-1-lutego-obowiazywac-bedzie-krajowy-system-e-faktur-ksef-czyli-ogolnopolska-platforma-mf-sluzaca-do-wystawiania-i-odbierania-faktur-w-wersji-elektronicznej-informacja-i-druk-w-zalaczeniu\/\">Z dniem 1 lutego 2026 r. obowi\u0105zywa\u0107 b\u0119dzie krajowy system e-Faktur (KSeF), czyli og\u00f3lnopolska platforma MF s\u0142u\u017c\u0105ca do wystawiania i odbierania faktur w wersji elektronicznej &#8211; informacja i druk w za\u0142\u0105czeniu.<\/a><\/li>\n<li><a class=\"wp-block-latest-posts__post-title\" href=\"https:\/\/smstudent.pl\/index.php\/2022\/10\/14\/wniosek-o-zwrot-nadplaty\/\">Wniosek o zwrot nadp\u0142aty<\/a><\/li>\n<li><a class=\"wp-block-latest-posts__post-title\" href=\"https:\/\/smstudent.pl\/index.php\/2022\/10\/14\/wniosek-o-wydanie-zaswiadczenia-do-zalozenia-ksiegi-wieczystej\/\">Wniosek o wydanie za\u015bwiadczenia do za\u0142o\u017cenia ksi\u0119gi wieczystej<\/a><\/li>\n<li><a class=\"wp-block-latest-posts__post-title\" href=\"https:\/\/smstudent.pl\/index.php\/2022\/10\/14\/wniosek-o-wydanie-zaswiadczenia-do-sprzedazy-lokalu\/\">Wniosek o wydanie za\u015bwiadczenia do sprzeda\u017cy lokalu<\/a><\/li>\n<li><a class=\"wp-block-latest-posts__post-title\" href=\"https:\/\/smstudent.pl\/index.php\/2022\/10\/14\/536\/\">Wniosek o wydanie za\u015bwiadczenia do urz\u0119du skarbowego<\/a><\/li>\n<li><a class=\"wp-block-latest-posts__post-title\" href=\"https:\/\/smstudent.pl\/index.php\/2022\/10\/14\/wniosek-o-przeniesienie-wlasnosci-lokalu\/\">Wniosek o przeniesienie w\u0142asno\u015bci lokalu<\/a><\/li>\n<li><a class=\"wp-block-latest-posts__post-title\" href=\"https:\/\/smstudent.pl\/index.php\/2022\/10\/14\/wniosek-o-przeksiegowanie-kwoty\/\">Wniosek o przeksi\u0119gowanie kwoty<\/a><\/li>\n<li><a class=\"wp-block-latest-posts__post-title\" href=\"https:\/\/smstudent.pl\/index.php\/2022\/10\/14\/oswiadczenie-o-wyrazeniu-zgody-na-korespondencje-elektroniczna\/\">O\u015bwiadczenie o wyra\u017ceniu zgody na korespondencj\u0119 elektroniczn\u0105<\/a><\/li>\n<li><a class=\"wp-block-latest-posts__post-title\" href=\"https:\/\/smstudent.pl\/index.php\/2022\/10\/14\/oswiadczenie-o-zmianie-ilosci-osob-w-lokalu\/\">O\u015bwiadczenie o zmianie ilo\u015bci os\u00f3b w lokalu<\/a><\/li>\n<li><a class=\"wp-block-latest-posts__post-title\" href=\"https:\/\/smstudent.pl\/index.php\/2022\/10\/11\/rezygnacja-z-dostepu-do-modulu-e-czynsze\/\">Rezygnacja z dost\u0119pu do modu\u0142u E-CZYNSZE<\/a><\/li>\n<li><a class=\"wp-block-latest-posts__post-title\" href=\"https:\/\/smstudent.pl\/index.php\/2022\/10\/11\/wniosek-o-udostepnienie-modulu-e-czynsze\/\">Wniosek o udost\u0119pnienie modu\u0142u E-CZYNSZE<\/a><\/li>\n<\/ul>","protected":false},"excerpt":{"rendered":"","protected":false},"author":3,"featured_media":0,"parent":0,"menu_order":0,"comment_status":"closed","ping_status":"closed","template":"","meta":{"site-sidebar-layout":"default","site-content-layout":"","ast-site-content-layout":"","site-content-style":"default","site-sidebar-style":"default","ast-global-header-display":"","ast-banner-title-visibility":"","ast-main-header-display":"","ast-hfb-above-header-display":"","ast-hfb-below-header-display":"","ast-hfb-mobile-header-display":"","site-post-title":"","ast-breadcrumbs-content":"","ast-featured-img":"","footer-sml-layout":"","theme-transparent-header-meta":"","adv-header-id-meta":"","stick-header-meta":"","header-above-stick-meta":"","header-main-stick-meta":"","header-below-stick-meta":"","astra-migrate-meta-layouts":"default","ast-page-background-enabled":"default","ast-page-background-meta":{"desktop":{"background-color":"var(--ast-global-color-4)","background-image":"","background-repeat":"repeat","background-position":"center center","background-size":"auto","background-attachment":"scroll","background-type":"","background-media":"","overlay-type":"","overlay-color":"","overlay-opacity":"","overlay-gradient":""},"tablet":{"background-color":"","background-image":"","background-repeat":"repeat","background-position":"center center","background-size":"auto","background-attachment":"scroll","background-type":"","background-media":"","overlay-type":"","overlay-color":"","overlay-opacity":"","overlay-gradient":""},"mobile":{"background-color":"","background-image":"","background-repeat":"repeat","background-position":"center center","background-size":"auto","background-attachment":"scroll","background-type":"","background-media":"","overlay-type":"","overlay-color":"","overlay-opacity":"","overlay-gradient":""}},"ast-content-background-meta":{"desktop":{"background-color":"var(--ast-global-color-5)","background-image":"","background-repeat":"repeat","background-position":"center center","background-size":"auto","background-attachment":"scroll","background-type":"","background-media":"","overlay-type":"","overlay-color":"","overlay-opacity":"","overlay-gradient":""},"tablet":{"background-color":"var(--ast-global-color-5)","background-image":"","background-repeat":"repeat","background-position":"center center","background-size":"auto","background-attachment":"scroll","background-type":"","background-media":"","overlay-type":"","overlay-color":"","overlay-opacity":"","overlay-gradient":""},"mobile":{"background-color":"var(--ast-global-color-5)","background-image":"","background-repeat":"repeat","background-position":"center center","background-size":"auto","background-attachment":"scroll","background-type":"","background-media":"","overlay-type":"","overlay-color":"","overlay-opacity":"","overlay-gradient":""}},"footnotes":""},"class_list":["post-507","page","type-page","status-publish","hentry"],"publishpress_future_action":{"enabled":false,"date":"2026-05-10 16:49:45","action":"change-status","newStatus":"draft","terms":[],"taxonomy":"","extraData":[]},"publishpress_future_workflow_manual_trigger":{"enabledWorkflows":[]},"_links":{"self":[{"href":"https:\/\/smstudent.pl\/index.php\/wp-json\/wp\/v2\/pages\/507","targetHints":{"allow":["GET"]}}],"collection":[{"href":"https:\/\/smstudent.pl\/index.php\/wp-json\/wp\/v2\/pages"}],"about":[{"href":"https:\/\/smstudent.pl\/index.php\/wp-json\/wp\/v2\/types\/page"}],"author":[{"embeddable":true,"href":"https:\/\/smstudent.pl\/index.php\/wp-json\/wp\/v2\/users\/3"}],"replies":[{"embeddable":true,"href":"https:\/\/smstudent.pl\/index.php\/wp-json\/wp\/v2\/comments?post=507"}],"version-history":[{"count":5,"href":"https:\/\/smstudent.pl\/index.php\/wp-json\/wp\/v2\/pages\/507\/revisions"}],"predecessor-version":[{"id":551,"href":"https:\/\/smstudent.pl\/index.php\/wp-json\/wp\/v2\/pages\/507\/revisions\/551"}],"wp:attachment":[{"href":"https:\/\/smstudent.pl\/index.php\/wp-json\/wp\/v2\/media?parent=507"}],"curies":[{"name":"wp","href":"https:\/\/api.w.org\/{rel}","templated":true}]}}